 the prime factors of 1624830?
2, 3, 5, 41, 1321
What are the prime factors of 312826?
2, 71, 2203
List the prime factors of 735918.
2, 3, 122653
What are the prime factors of 14020654?
2, 71, 98737
List the prime factors of 270423.
3, 30047
List the prime factors of 204446.
2, 11, 9293
What are the prime factors of 123765?
3, 5, 37, 223
What are the prime factors of 221578?
2, 7, 17, 19
What are the prime factors of 142753?
13, 79, 139
What are the prime factors of 745934?
2, 7, 53281
List the prime factors of 4249232.
2, 13, 31, 659
List the prime factors of 3734537.
113, 33049
List the prime factors of 282371.
23, 12277
List the prime factors of 10427451.
3, 37, 93941
List the prime factors of 5328540.
2, 3, 5, 7, 4229
List the prime factors of 91667.
31, 2957
What are the prime factors of 101847?
3, 17, 1997
What are the prime factors of 6557405?
5, 1311481
List the prime factors of 370855.
5, 17, 4363
What are the prime factors of 1867039?
1867039
List the prime factors of 1703692.
2, 19, 29, 773
What are the prime factors of 27859279?
7, 23, 173039
What are the prime factors of 1230048?
2, 3, 4271
List the prime factors of 12388031.
12388031
List the prime factors of 1182153.
3, 7, 41, 1373
List the prime factors of 13236970.
2, 5, 89, 107, 139
What are the prime factors of 358340?
2, 5, 19, 23, 41
What are the prime factors of 1632501?
3, 13, 4651
What are the prime factors of 3768376?
2, 29, 37, 439
What are the prime factors of 142135?
5, 7, 31, 131
List the prime factors of 1441713.
3, 7, 13, 5281
What are the prime factors of 311387?
131, 2377
What are the prime factors of 22701412?
2, 401, 14153
What are the prime factors of 2374843?
41, 57923
List the prime factors of 394368.
2, 3, 13, 79
What are the prime factors of 90744?
2, 3, 19, 199
What are the prime factors of 12187558?
2, 6093779
What are the prime factors of 4739164?
2, 1184791
What are the prime factors of 5891356?
2, 47, 31337
What are the prime factors of 12821559?
3, 4273853
List the prime factors of 647429.
647429
What are the prime factors of 541712?
2, 33857
List the prime factors of 8971117.
8971117
List the prime factors of 12282212.
2, 3070553
What are the prime factors of 19722934?
2, 7, 11, 89, 1439
List the prime factors of 12344004.
2, 3, 342889
What are the prime factors of 142395?
3, 5, 11, 863
What are the prime factors of 105575?
5, 41, 103
List the prime factors of 553333.
11, 17, 269
What are the prime factors of 20803261?
107, 199, 977
What are the prime factors of 29734?
2, 14867
What are the prime factors of 2179513?
7, 311359
List the prime factors of 21465104.
2, 29, 46261
List the prime factors of 2461599.
3, 7, 41, 953
List the prime factors of 30895407.
3, 37, 92779
What are the prime factors of 6569084?
2, 563, 2917
List the prime factors of 159091.
23, 6917
What are the prime factors of 957018?
2, 3, 159503
List the prime factors of 63851.
67, 953
What are the prime factors of 6394?
2, 23, 139
List the prime factors of 20283592.
2, 7, 109, 3323
List the prime factors of 6031908.
2, 3, 18617
List the prime factors of 1406776.
2, 7, 25121
What are the prime factors of 9601430?
2, 5, 17, 56479
List the prime factors of 21834324.
2, 3, 17, 35677
What are the prime factors of 17539148?
2, 11, 191, 2087
List the prime factors of 104045.
5, 20809
What are the prime factors of 811810?
2, 5, 81181
What are the prime factors of 803773?
151, 5323
List the prime factors of 162902.
2, 47, 1733
List the prime factors of 88965.
3, 5, 659
What are the prime factors of 7095352?
2, 11, 80629
List the prime factors of 1588026.
2, 3, 11, 24061
List the prime factors of 2279646.
2, 3, 89, 1423
List the prime factors of 480830.
2, 5, 7, 6869
What are the prime factors of 20407255?
5, 11, 89, 379
What are the prime factors of 793687?
19, 37, 1129
List the prime factors of 2328968.
2, 31, 9391
What are the prime factors of 526005?
3, 5, 11689
List the prime factors of 285551.
7, 19, 113
List the prime factors of 2025667.
7, 289381
List the prime factors of 366456.
2, 3, 15269
What are the prime factors of 1166894?
2, 583447
What are the prime factors of 218030?
2, 5, 21803
List the prime factors of 1706430.
2, 3, 5, 11, 5171
List the prime factors of 75909.
3, 25303
What are the prime factors of 1777895?
5, 7, 79, 643
What are the prime factors of 1110341?
19, 58439
List the prime factors of 18388876.
2, 11, 181, 2309
What are the prime factors of 27743?
27743
What are the prime factors of 10942143?
3, 3647381
What are the prime factors of 9798946?
2, 19, 257867
What are the prime factors of 347242?
2, 7, 17, 1459
What are the prime factors of 157598?
2, 7, 11257
What are the prime factors of 2115718?
2, 11, 17, 5657
List the prime factors of 510941.
510941
What are the prime factors of 1999475?
5, 79979
List the prime factors of 3151280.
2, 5, 11, 3581
What are the prime factors of 1545106?
2, 277, 2789
List the prime factors of 17241669.
3, 1915741
What are the prime factors of 179661?
3, 59887
List the prime factors of 2070315.
3, 5, 13, 3539
List the prime factors of 18316506.
2, 3, 13, 449, 523
What are the prime factors of 3523270?
2, 5, 352327
What are the prime factors of 1242903?
3, 53, 7817
What are the prime factors of 299108?
2, 37, 43, 47
List the prime factors of 21886449.
3, 13, 561191
What are the prime factors of 39465?
3, 5, 877
What are the prime factors of 97065?
3, 5, 719
What are the prime factors of 504266?
2, 7, 181, 199
List the prime factors of 518502.
2, 3, 103, 839
What are the prime factors of 326230?
2, 5, 17, 19, 101
List the prime factors of 9508696.
2, 1188587
List the prime factors of 2567762.
2, 1283881
List the prime factors of 328560.
2, 3, 5, 37
List the prime factors of 311037.
3, 199, 521
What are the prime factors of 5274481?
47, 112223
What are the prime factors of 857451?
3, 7, 19, 307
List the prime factors of 5210976.
2, 3, 17, 31, 103
What are the prime factors of 834273?
3, 11, 53
List the prime factors of 187683.
3, 73, 857
List the prime factors of 1808017.
1808017
What are the prime factors of 622887?
3, 207629
What are the prime factors of 18800027?
18800027
List the prime factors of 172685.
5, 34537
What are the prime factors of 647734?
2, 17, 19051
What are the prime factors of 614090?
2, 5, 61409
What are the prime factors of 509709?
3, 71, 2393
What are the prime factors of 211628?
2, 191, 277
What are the prime factors of 3517301?
3517301
What are the prime factors of 3799791?
3, 19, 823
List the prime factors of 97224.
2, 3, 4051
List the prime factors of 613731.
3, 149, 1373
What are the prime factors of 1387759?
37, 37507
List the prime factors of 24529219.
11, 13, 337, 509
What are the prime factors of 2049184?
2, 64037
What are the prime factors of 583896?
2, 3, 24329
List the prime factors of 2200505.
5, 440101
List the prime factors of 16890845.
5, 157, 21517
List the prime factors of 346819.
11, 41, 769
List the prime factors of 2644167.
3, 61, 14449
List the prime factors of 213326.
2, 106663
List the prime factors of 503574.
2, 3, 17, 4937
What are the prime factors of 24658520?
2, 5, 616463
What are the prime factors of 911287?
13, 70099
List the prime factors of 122113.
19, 6427
List the prime factors of 18369863.
1229, 14947
What are the prime factors of 1444918?
2, 722459
What are the prime factors of 4106013?
3, 421, 3251
List the prime factors of 228513.
3, 19, 211
List the prime factors of 10186889.
10186889
List the prime factors of 201929.
7, 13, 317
What are the prime factors of 306355?
5, 7, 8753
What are the prime factors of 133443?
3, 14827
List the prime factors of 93005.
5, 11, 19, 89
What are the prime factors of 222026?
2, 7, 15859
What are the prime factors of 1258814?
2, 37, 17011
List the prime factors of 15787868.
2, 317, 12451
List the prime factors of 552617.
13, 42509
List the prime factors of 695371.
695371
List the prime factors of 10571334.
2, 3, 19, 47, 1973
What are the prime factors of 453699?
3, 50411
What are the prime factors of 18697?
7, 2671
What are the prime factors of 154411?
17, 31, 293
What are the prime factors of 4375763?
7, 625109
List the prime factors of 247664.
2, 23, 673
What are the prime factors of 5604060?
2, 3, 5, 7, 11, 1213
What are the prime 